 s?
11
Let p be (-2 - (-1912)/(-18)) + (-10)/(-45). Let i = -88 - p. Calculate the highest common factor of i and 8.
4
Suppose -43*y + 14*y = -203. Let j(z) = 4*z**2 - z - 5. Let o be j(-4). What is the greatest common factor of y and o?
7
Let q be (-10)/(-15) + 512/6. Let g be (-2)/(-9) + q/18. Suppose 0 = 3*d + 2*d - g. Calculate the highest common divisor of d and 3.
1
Suppose -12*t + 83*t - 12354 = 0. What is the greatest common factor of t and 783?
87
Let y(h) = h**2 - 5*h - 1. Let m be y(6). Suppose 0 = -m*i + 188 - 23. Let n be 50/14 + 72/21 + -4. Calculate the highest common divisor of n and i.
3
Let x(t) = -t**2 - 14*t - 9. Let o be x(-13). Suppose o*c - 344 = 4*r, -3*c + 2*c + 82 = -2*r. What is the highest common factor of 18 and c?
18
Suppose -91*a + 262 = -89*a. Suppose -5*r + 2*i = -342, 6*r - 4*r - a = -5*i. What is the highest common factor of r and 17?
17
Let d(s) = s**2 + 11. Let c be d(0). What is the greatest common divisor of c and 737?
11
Let x(u) = u**3 - u**2 - u + 36. Let d be x(0). Suppose -864 = -11*v - 5*v. What is the highest common factor of d and v?
18
Let p = 1 + -1. Suppose -2*a + 18 = 4*i, -4 + 0 = -2*i. Suppose -a*l - 361 + 1131 = p. Calculate the highest common factor of l and 14.
14
Let n = 33 + -21. Let u be (99/(-6))/((-3)/n). Let w(l) = -l**3 - 6*l**2 - 8*l - 4. Let m be w(-6). What is the highest common factor of m and u?
22
Suppose -14*s + 193 = -353. What is the highest common factor of 4485 and s?
39
Suppose 75*q = 91*q - 3584. Calculate the highest common factor of q and 14.
14
Let c(n) = -69*n - 7. Let o be c(-3). Suppose -3*v = -2*t + 100, 0 = -4*t - v + 3*v + o. Calculate the greatest common factor of 125 and t.
25
Let s(n) = n**2 - 5*n - 43. Let v be s(-11). What is the highest common divisor of v and 98?
7
Let f be 1188/7 - 6/(-21). Calculate the greatest common factor of f and 80.
10
Suppose 6*q + 3 = 21. Suppose -q*d + 498 = -3*x, -3*d + 4*x - 46 = -548. What is the highest common divisor of d and 54?
54
Suppose -x = 2*o - 18, 3*x + 4 + 32 = 4*o. Let d be ((-1)/6*0)/2. Suppose d = 3*g - 51 - 246. Calculate the highest common divisor of g and o.
9
Let z(h) = -3*h + 5*h - 3*h - 20 + 33. Let l be z(10). What is the greatest common divisor of l and 15?
3
Let r = -9 - -13. Let u = r - -2. Suppose 56 = w + u*w. Calculate the greatest common factor of 20 and w.
4
Let p(z) = -z**3 - 10*z**2 - 2*z + 37. Let n be p(-9). Let q be n + 23 - (-45)/(1 + 0). What is the greatest common factor of q and 12?
6
Let z = 1893 + -1109. Calculate the highest common factor of 112 and z.
112
Let r(v) = -v**3 - 8*v**2 + 18*v - 15. Let y be r(-11). Suppose -58*z + 53*z + y = 0. What is the highest common factor of 40 and z?
10
Suppose 0*z + 2*z - 126 = 0. Let m = -38 + z. Calculate the highest common divisor of m and 10.
5
Suppose -4*q = -2*q - 162. Suppose 3*b - 351 = -q. Calculate the highest common divisor of 10 and b.
10
Suppose -3*y = -g - 206, 4*g + 42 = 2*y - 102. What is the highest common factor of y and 68?
68
Let v(y) = 5*y**2 + 11*y - 17. Let o be v(-5). Calculate the highest common divisor of 371 and o.
53
Let n = 210 - 176. Let i be (-102)/((-2)/6*1). What is the greatest common factor of n and i?
34
Let f = -914 + 1924. What is the greatest common divisor of 40 and f?
10
Let j(u) = u**3 + 9*u**2 + u. Let q be j(-7). Suppose -2*k - 3*w = -q + 4, -3*w - 21 = -k. Let c = -47 - -71. What is the greatest common factor of k and c?
12
Let j(g) = 14*g**2 + 17*g. Let r be j(-5). Calculate the highest common factor of 212 and r.
53
Let n(w) = -6*w - 23. Let a(y) = y + 5. Let m(o) = -5*a(o) - n(o). Suppose -2*u = 2*u - 48. Let g be m(u). What is the greatest common factor of g and 30?
10
Suppose -10*j + 304 = -546. Let v = j - 62. Calculate the highest common factor of v and 115.
23
Suppose -6*y = -3*y + 4*k + 219, 5*k = 15. Let c = 137 + y. Calculate the greatest common divisor of 15 and c.
15
Let x(i) = i**3 - 17*i**2 - 18*i + 15. Let b be x(18). Suppose -9 = d + 3*v, -7 = 3*d - 0*d + 4*v. Calculate the highest common divisor of d and b.
3
Let q(p) = 5*p**2 + 19*p + 37. Let k be q(-2). Suppose 18 = -2*g + 132. What is the greatest common factor of g and k?
19
Let f be 86/18 - 2/(-9). Suppose 163*n + 10 = 3*z + 158*n, 3 = 3*n. Calculate the highest common factor of z and f.
5
Suppose -66 = -5*h + 2*h. Suppose 0 = -5*i + 2*x - 18 - h, x - 17 = 2*i. Let p be 2*((-369)/i - -1). What is the greatest common divisor of p and 50?
25
Suppose 0 = -3*a - 10 + 97. Calculate the greatest common divisor of 319 and a.
29
Let k = -95 + 121. What is the highest common factor of k and 117?
13
Let s be 3 - (6 - -1) - -324. Calculate the greatest common divisor of 5 and s.
5
Let h be (-42)/(7/(147/(-7))). What is the highest common factor of 98 and h?
14
Suppose 253*k - 2138 + 367 = 0. Let h = -2 - -3. What is the greatest common factor of k and h?
1
Let b(p) = 3*p**2 - 28*p + 15. Let l be b(9). Let x be (1 - 0)*0 - -30. Calculate the greatest common factor of x and l.
6
Let b be (-3)/(-2)*(-2002)/(-33). Calculate the highest common divisor of b and 52.
13
Let v(h) = 2*h + 10. Let y be v(5). Suppose 76*d = 78*d - 100. What is the highest common factor of d and y?
10
Suppose g - 1 = 0, g - 3*g + 52 = 5*k. Let y = 112 + -62. What is the highest common divisor of y and k?
10
Suppose -3*f + 3*i = 9 - 30, 2*f + 5*i + 7 = 0. Suppose -f*a = -9*a + 25. What is the greatest common factor of 1 and a?
1
Suppose t = -6*t + 14. Suppose -1984 = -5*q - t*s, 2026 = 5*q - s + 48. What is the highest common factor of 36 and q?
36
Suppose -4*q - 5*s + 5 + 11 = 0, 2*q - 8 = -4*s. Let t(c) = 2*c**2 + c - 11. Let u be t(q). What is the highest common factor of u and 150?
25
Let f = 97 + -47. Suppose z - 5*g - 175 = -4*z, 4*g + f = z. Calculate the highest common factor of z and 40.
10
Suppose 48 = 26*g - 24*g. Let x be 2 - -1*(1 - 2). Let f be (4/x - 2)*2. What is the greatest common factor of f and g?
4
Suppose 16 = -2*t + 5*j, 4*t + 2*j = -t - 40. Let z(w) = w**3 + 11*w**2 - 9*w - 5. Let i be z(t). What is the greatest common factor of 37 and i?
37
Suppose 16 - 140 = -k. Let m = -92 + k. Calculate the highest common factor of 224 and m.
32
Let q be (29/(-2))/(5/(-110)). Let x be ((-2)/(-6))/((-3)/(-18)). Suppose -v = 4*l - 118, x*l + l - 79 = 4*v. Calculate the highest common factor of l and q.
29
Let t = -1692 + 1867. What is the greatest common divisor of t and 595?
35
Let o = 153 - 148. What is the greatest common factor of o and 320?
5
Suppose 3*f = -4*d + 662, -2*f - 2*f - 3*d = -871. Suppose -70 + f = h. What is the highest common factor of 16 and h?
16
Suppose 5*d + 21 = 2*d. Let f be (-4)/(-14) - 5/d. Let k = 841 - 840. What is the greatest common factor of k and f?
1
Let v = -14 - 51. Let j be (-1940)/v + (-2)/(-13). What is the greatest common factor of j and 150?
30
Suppose 242 = 4*w - 186. Let h be w + 1/(1/1). Suppose 0 = x + r - 8, x - 20 = 2*r - 0*r. What is the greatest common factor of h and x?
12
Suppose 0*r - 46 = -5*r + 2*j, -4*r = j - 42. Suppose -5*k = -r*k + 70. Calculate the highest common factor of 98 and k.
14
Suppose 0*r + 2*r = -4*d - 1112, -2*d - 2*r - 558 = 0. Let k = -68 - d. Calculate the highest common divisor of k and 11.
11
Let p be (-5 + 1 + 8)*1. Suppose 26 = 3*m + q, 0*m = 4*m + p*q - 40. What is the greatest common divisor of m and 72?
8
Suppose 3*l - 2670 = 3*v, -7*l + 5*l + 1779 = -3*v. Calculate the highest common factor of 66 and l.
33
Let s(v) = 2*v + 6. Let a be s(3). Let z = 192 - a. Suppose -17 = -2*o + 23. What is the greatest common divisor of z and o?
20
Let y be (1 + 1 + -1)*140. Let n = 14 + -8. Let r be n + -2 + (-1 - -25). What is the greatest common factor of r and y?
28
Let g = 17 - -7. Let r be (3/(-2))/(g/(-2048)). Calculate the greatest common divisor of r and 16.
16
Suppose -3*a + 0*j + 46 = 5*j, -4*j - 16 = 0. Calculate the highest common factor of a and 737.
11
Suppose 113*h - 3 = 112*h. Let z be ((-4)/1)/((-10)/(-4) - h). What is the highest common factor of 40 and z?
8
Let b = -51 - -56. Suppose 0 = -4*a + b + 15. Calculate the highest common factor of a and 25.
5
Suppose -2*n + 121 = -3*w, -7*w + 2*w - 3*n = 189. Let q = w - -53. What is the greatest common factor of 84 and q?
14
Let 